mmon divisor of f and 6.
3
Suppose -40*m + 43*m - 33 = 0. Suppose q = 4*o + 24, 5*o + 137 = 3*q + 44. Suppose m*v - q = 8*v. Calculate the highest common factor of 132 and v.
12
Suppose 5*i = 10*i + 4*w - 142, 4*i + 4*w = 112. Calculate the highest common factor of i and 24.
6
Suppose 5*y + 47 = 5*u - 28, -u = y - 9. What is the greatest common factor of 444 and u?
12
Suppose 0 = 5*x - 4*j - 235, -92 = 3*x - 5*x + 2*j. What is the greatest common factor of 27 and x?
3
Suppose 3*t + 2*n - 218 = 0, -5*t - n - 3*n = -364. Suppose -h = -m + 40, -3*h - 48 = 2*m - 3*m. What is the greatest common divisor of m and t?
36
Let s(b) = b**2 - 24. Let k be s(-6). Suppose -k*h = -2787 + 99. Let p(n) = 4*n + 4. Let d be p(6). Calculate the highest common factor of d and h.
28
Let q = 132 + -72. Suppose 0 = 9*r - 6*r - q. What is the greatest common divisor of 180 and r?
20
Let p = 299 - -70. Calculate the highest common divisor of p and 41.
41
Let w(p) = 8*p**2 - 5*p + 20. Let c be w(3). Calculate the greatest common factor of 209 and c.
11
Suppose 0 = 3*t - 0 - 6. Let z be (t*-3 - -3) + 7. Suppose a = 2*q, 15 = 5*q - 0*a + 5*a. Calculate the greatest common factor of z and q.
1
Suppose -2*t + 141 = 3*c, 0 = -2*t + 4*t. What is the greatest common divisor of c and 329?
47
Let j be (12/8)/(900/448 + -2). Suppose -3*l + 3*d = 2*l - 160, 150 = 4*l + 2*d. Suppose -l = 4*v - 131. Calculate the greatest common factor of j and v.
24
Let g = 7 - -2. Suppose -1 - 35 = -k. What is the greatest common factor of g and k?
9
Let w = -12 + 16. Suppose -3*h - 12 = w*k - h, -5*k + 2*h - 24 = 0. Let l be (k - -5 - -2)*4. What is the greatest common factor of l and 108?
12
Let k = 10 - 8. Let u be k*(4 - (-11)/(-2)). Let g be u/((-6)/(-8)) + 10. What is the greatest common factor of g and 6?
6
Let r be ((-6)/4)/(14/(-28)). Suppose 2*h - 52 = -r*l, -5*l - 5*h + 88 = -h. Suppose -2*j - 18 = -82. What is the greatest common factor of j and l?
16
Let m be 5 + -6 + 7 + 0. Calculate the greatest common factor of 192 and m.
6
Let i(v) = 29*v - 3. Let c be i(3). Let a be ((-8)/3)/(6*(-1)/27). Calculate the greatest common factor of c and a.
12
Suppose -199 = -5*r - 74. Suppose -r*k = -21*k - 16. What is the highest common factor of k and 4?
4
Suppose -5*z + 59 = -41. What is the greatest common divisor of z and 40?
20
Suppose -t = 3*g - 256, 0 = 5*g + 4*t - 349 - 87. Suppose -3*v + g = -24. What is the highest common divisor of v and 54?
18
Let r be 24*(-2 + 4) - 0. Suppose q = -q + r. Calculate the highest common factor of q and 16.
8
Let h(n) = -n**3 + n**2 + n - 5. Let g be h(0). Let p = 26 - g. Suppose 4*v + 2*a - 13 - 13 = 0, 5*a + p = 2*v. Calculate the greatest common factor of v and 8.
8
Let t = 6 - -5. Let y = t - -15. What is the greatest common factor of y and 286?
26
Let v = 374 + -340. What is the greatest common factor of 221 and v?
17
Let i(v) = v + 3. Let x be i(-5). Let q be 497 + x*6/(-4). Let k = q - 339. What is the highest common factor of 23 and k?
23
Let z(f) = -f**3 + 31*f**2 - 24*f - 161. Let m be z(30). Let l(t) = 5*t**2 + 3*t + 3. Let h be l(4). Calculate the greatest common factor of h and m.
19
Let h = 7 + -30. Let p = -5 - h. Suppose -4*j = -j + 2*x - 168, 0 = -2*x + 6. What is the greatest common factor of p and j?
18
Suppose 1 - 2 = -r. Let n(o) = -o. Let v(k) = -17*k + 2. Let b(c) = -2*n(c) - v(c). Let i be b(r). Calculate the greatest common divisor of 187 and i.
17
Suppose -4*v = -3*p - 379 - 1416, v = -3*p + 460. What is the highest common divisor of v and 82?
41
Let b(p) = -4*p**3 + 2*p**2 + p. Let c be b(-1). Suppose -m + 139 = 2*h, -3*h + c*m - 58 = -273. Calculate the highest common factor of 10 and h.
10
Let o = 0 - -25. Suppose -2*k = -o - 115. What is the highest common factor of k and 10?
10
Suppose 0 = -10*j + 52 + 228. What is the greatest common divisor of 224 and j?
28
Suppose -5*i = 4*q - 276, -1 = 30*q - 29*q. What is the highest common factor of i and 63?
7
Suppose -144*s = -158*s + 224. Calculate the highest common factor of 512 and s.
16
Let g(i) = -7*i - 31. Let s be g(-7). What is the highest common factor of 6 and s?
6
Let l = -52 - -56. Suppose -l*o = -3*o - 75. What is the greatest common divisor of o and 15?
15
Suppose 7682*l - 7691*l + 1944 = 0. Suppose 2*f + 20 = b + f, 0 = -3*f + 12. Calculate the highest common divisor of b and l.
24
Let i = -158 - -210. Calculate the greatest common factor of 416 and i.
52
Let b = 12 + -14. Let i = b - -6. Suppose -2*s + 11 = -4*o - 31, -i*o - 87 = -5*s. Calculate the greatest common divisor of s and 15.
15
Suppose 0 = 3*f - 3, 4*t + 4*f - 495 = 81. Let g(s) = 12*s - 30. Let y be g(10). Let m = y + -77. What is the highest common factor of m and t?
13
Let s be 2 + 0 + 1 + 0. Suppose 0 = -2*z + 2*l + 3 + 15, -s*l - 13 = -z. Let y be (z/(-2))/(3/(-6)). Calculate the greatest common divisor of y and 7.
7
Suppose 3*d - 73 = 314. Calculate the greatest common factor of d and 215.
43
Let i be (-16)/(-10) - (-4)/10. Suppose -6 - i = 3*w - 4*u, 5*u = w + 21. Let t be (-42)/(6/(-2)) + w. Calculate the highest common factor of t and 36.
18
Let s(v) = -2*v**2 + 16*v + 226. Let o be s(15). What is the greatest common factor of o and 11?
1
Let k be (-336)/(-9)*(-7)/84*-18. What is the greatest common factor of k and 16?
8
Let g(a) = 5*a - 2. Let y be g(1). Let c be (36/y)/4 - -1. Let d be c*(-3 + 1)/(-2). Calculate the highest common divisor of 4 and d.
4
Suppose 2 - 6 = -r + 2*h, -4*r + h + 9 = 0. Suppose 2*p - 10 = -3*v - 0, -2*p = -2*v. Suppose v*d = -2*d + 32. What is the highest common divisor of d and r?
2
Suppose 3*u = 5*u + 76. Let s be (0 - u/6)*(-57)/(-19). What is the highest common divisor of 190 and s?
19
Let z(s) = -s**3 - 8*s**2 - 7*s + 12. Let b be z(-7). Calculate the highest common divisor of 84 and b.
12
Let p be (0 + 2/3)*60. Suppose 16*n - 7*n - 144 = 0. Calculate the greatest common factor of n and p.
8
Let r(k) = -k**2 + 13*k - 8. Let u be r(12). Suppose a + 5 = -u. Let w = 74 + a. Calculate the greatest common divisor of w and 13.
13
Suppose -6*s + 7*s - 179 = 0. Suppose -71 = -5*o + s. Let x = 6 - -14. What is the highest common factor of x and o?
10
Let b(a) = a**3 - 19*a**2 + 66. Let w be b(19). What is the highest common factor of 66 and w?
66
Let z = -624 - -968. Calculate the highest common divisor of z and 8.
8
Let q(v) = -v**2 - 15*v - 12. Let b be q(-13). Suppose -m - b + 24 = 0. What is the greatest common divisor of m and 30?
10
Suppose -5*u - 2 + 9 = -4*i, 3*u = 2*i + 5. Suppose z - i*z - 2 = 0. Let y be 1*1/(-2)*z. Calculate the greatest common divisor of 5 and y.
1
Let c = -163 + 228. Let a = 4 + 2. Let k(v) = 2*v + 1. Let h be k(a). Calculate the highest common factor of h and c.
13
Suppose 1128 + 1112 = 5*r. Calculate the greatest common factor of r and 84.
28
Let p be ((-2)/(-4))/((-1)/912*-3). Let m = 3 + 16. What is the highest common factor of p and m?
19
Let l = -2305 + 2393. Calculate the highest common factor of 24 and l.
8
Let o = 53 - 48. Suppose o*g - 3*y = 753, g - 2*y + 4 = 149. Calculate the highest common divisor of g and 17.
17
Let c(z) = z**2 + 2*z + 12. Let s be c(0). Suppose -4*d - s = -24. Suppose -d*y + 108 = -0*y. What is the greatest common factor of 12 and y?
12
Let q be 70/2 + 9 + -14. Calculate the highest common divisor of q and 20.
10
Let c = -4 + -29. Let w be 4/(-22) - 105/c. Suppose -2*d = -w*l - 7*d + 320, -l - 4*d + 102 = 0. What is the highest common divisor of l and 10?
10
Suppose q + 0*q + 56 = 4*n, -4*n + 5*q = -72. Let y(o) = o**3 - 24*o**2 + 38*o + 577. Let x be y(21). Calculate the highest common factor of n and x.
13
Let u(w) = -w**3 - 6*w**2 + 13*w + 9. Suppose -5*j = 3*z + 48, -6*z + 32 = -4*j - 2*z. Let s be u(j). What is the highest common factor of 15 and s?
15
Let w(d) = 5*d**2. Let u be w(-3). Suppose -34 = 4*x + 330. Let t = -76 - x. Calculate the highest common factor of u and t.
15
Let n(r) = 9*r**3 - 6*r**2 + r. Let u be n(3). What is the greatest common divisor of 3 and u?
3
Let u = 151 - 91. Suppose 0 = 70*v - 72*v + u. Let p = -54 - -99. What is the greatest common divisor of p and v?
15
Suppose -9*k + 458 + 352 = 0. What is the greatest common divisor of 210 and k?
30
Let n be 6/33 + 846/66. Suppose d =